e
Suppose 4*w + 3*z = 348287, 2*z - 4*z - 174168 = -2*w. Is w a prime number?
False
Let m(l) = -l**3 - 6*l**2 - 3*l + 14. Let q be m(-5). Suppose -k = 5*v - 11287 - 7265, q*k = 3*v + 74093. Is k prime?
False
Let s be (8/16*-5)/((-2)/8). Suppose s*y - 17*y + 5257 = 0. Is y a composite number?
False
Suppose -5*r - v + 9 = -4, -3*r - v = -9. Suppose -5*d - r*g = -469, 3*g - 2 = 4. Suppose -p = -28 - d. Is p prime?
False
Let y(q) be the second derivative of 3*q**5/20 - 19*q**4/12 + 13*q**3/6 + 22*q**2 - 7*q - 5. Is y(13) a composite number?
False
Suppose -25*b = -266 + 216. Suppose -2*s + 5*s + 16889 = 4*f, 2*s = -b*f + 8448. Is f prime?
False
Is (-30)/(-20)*(-15208)/(-12) a composite number?
False
Let i = 2 + 1. Suppose i*l = -l + 604. Let t = 68 + l. Is t prime?
False
Let c(s) = s**3 - 5*s**2 - 6. Let l be c(5). Is 5 - (-6)/l - -2069 composite?
True
Suppose -552*i = -503*i - 2337839. Is i prime?
True
Let g = 1876 + 27735. Is g composite?
False
Suppose -5*g + 3618 = -3*p - 7002, -4*g + 8483 = -5*p. Suppose -5*d + 5285 = 4*t, -g = -53*d + 51*d + t. Is d a composite number?
False
Let d = 111 - 126. Let x = 15 + d. Let u(t) = t**3 + 2*t**2 + 2*t + 335. Is u(x) a composite number?
True
Suppose -8*z + 119 = 23. Is 2 + z + -8 + 4321 a composite number?
False
Suppose 4*w + 3*k = 67904, 2*k + 20234 = 5*w - 64646. Let y be (-1 - w)*20/(-30). Suppose 0 = 7*c - 2409 - y. Is c a prime number?
False
Let l = 3182 + -3180. Suppose 0 = 5*q - 0*q - 10030. Suppose 4*s + q = 2*a, -1662 = -l*a - 5*s + 299. Is a a prime number?
False
Let d(x) = 4878*x - 25. Suppose -199 + 205 = 6*u. Is d(u) a prime number?
False
Suppose -27*l + 19905 = -123492. Is l composite?
True
Let o be 0/(-7) + 3 - 1. Suppose -o*u - 2*c = 1377 - 14421, 4*u - 26089 = -5*c. Is u composite?
False
Suppose 184*b - 11324096 = 45905175 - 7387903. Is b a composite number?
True
Let m(c) = -131*c**3 + 2*c**2 + 3*c + 19. Let y be m(-6). Suppose -3*p + 6422 = -y. Is p prime?
True
Let b = 31527 + -21268. Is b prime?
True
Let k = -332 + 3151. Is k composite?
False
Let m(s) = 4*s + 4 + 29*s**2 + 5 + 11*s. Suppose 3*x - 21 = 3*j, 2*j = 4*x - 6 - 0. Is m(j) prime?
False
Let u(l) = -l**2 - 7*l - 4. Let w(q) = -q**3 + 10*q**2 + q - 17. Let g be w(10). Let z be u(g). Is ((-3)/3 - z)*44/6 a prime number?
False
Let u(y) = y**3 - 28*y**2 + 36*y - 81. Is u(38) a prime number?
True
Let w = -25 - 23. Let b = w - -95. Suppose -210 - b = -m. Is m a composite number?
False
Let f(z) = 137 + 8*z**2 - 22*z + 10*z**2 - 2*z**2 - 1483*z**3 + 1484*z**3 - 5*z**2. Is f(14) prime?
True
Let t be (1 - 0)/((-18)/(-9))*4478. Let w = t - 959. Let o = 3693 - w. Is o prime?
False
Let j(t) be the second derivative of -7/20*t**5 + 19*t + 1/12*t**4 + 2/3*t**3 - 7/2*t**2 + 0. Is j(-3) a prime number?
True
Let v(y) = -16*y - 28. Let z be v(-2). Suppose 2*k - 188 = -b + 3, -z*b - 3*k = -764. Is b composite?
False
Let w(a) = 94*a**3 + 3*a**2 - 6*a - 13. Suppose 0*r = -5*j - 4*r + 38, -3*r = -4*j + 18. Is w(j) prime?
False
Let m(u) = 92062*u - 153. Is m(1) a composite number?
False
Let x(s) = -14601*s - 281. Is x(-26) prime?
False
Is 34640 - (-6)/(-15)*175/10 prime?
False
Suppose 3*v = 3 + 9. Let t be (v/(-8))/(1/(-6)). Suppose 2*d = -0*u - 2*u + 1588, 2412 = t*u - 3*d. Is u composite?
True
Suppose -36478 = -3*z - 5*b, 3*z - b = b + 36485. Suppose 2*u = -5*s - 216 + 8321, 4*s = -3*u + z. Let i = 6204 - u. Is i composite?
True
Let n = -72 + 40. Let m be 1/(4/(n/(-12)) - 1). Suppose m*i + 750 = 2*c, -2*c + 220 = 5*i - 558. Is c a prime number?
True
Let o = -460 + 230. Let p(t) = t**3 + 10*t**2 + 6*t - 27. Let j be p(-9). Is (4 + j)*o*(-2)/16 prime?
False
Let o = 511 - 307. Suppose 0 = 4*p - 2*w + 7*w + 281, 3*p = 3*w - o. Let f = 136 + p. Is f a composite number?
False
Suppose -7*j + 25 = -2*j. Let u(c) = 684*c + 909. Let t be u(3). Suppose -p + t + 2262 = 4*s, -4*s + j*p + 5229 = 0. Is s prime?
False
Let q be (3 + -1660)/((-4)/44). Suppose 0 = 2*k + v - q, -4*k - 5*v + 34184 + 2273 = 0. Is k composite?
True
Suppose -43*k + 355754835 = 271*k - 109187791. Is k a composite number?
False
Let c = 14144 - 49888. Is ((-10)/4)/(16/c) a prime number?
False
Suppose -s = 5*t - 4437, 2*t - 4*t + 3*s + 1768 = 0. Let l = t + -508. Is l composite?
False
Suppose 4*o - 5*k + k - 8 = 0, -4*o = 5*k - 53. Let l(g) be the second derivative of g**4/12 - 5*g**3/6 + 17*g**2/2 + 7*g + 2. Is l(o) a prime number?
True
Let u(k) be the second derivative of -61*k**4/24 + k**3 + 15*k**2 - 31*k. Let m(g) be the first derivative of u(g). Is m(-13) a prime number?
False
Suppose 0 = 2*d + 2*d + 3*z - 35052, 0 = -5*d + z + 43796. Suppose -2*q + 17504 = -2*k, q = -0*k + 3*k + d. Suppose 4*s + 2836 = q. Is s a prime number?
False
Suppose 2*z = -5*u + 2275001, -z - 22*u = -21*u - 1137502. Is z a composite number?
False
Let p = 5 + -2. Let q(h) = -267*h**3 + 2*h**2 + 5*h + 4. Let i be q(-1). Suppose -p*l + i = -l. Is l a composite number?
True
Suppose 33*w - 31*w = -2*u + 32378, 0 = 3*w - u - 48543. Is w a prime number?
True
Let v(n) = 1903*n**3 - n**2 + 2*n + 2. Let z(c) = -c**2 + 26*c + 55. Let x be z(28). Let k be v(x). Is 10/2 - (k - 0) a prime number?
False
Suppose -39*h + 1364184 = -37*h. Suppose -5*b + h = 31*b. Is b composite?
False
Suppose 0 = -105*w + 102*w - 4149. Let k = w + 2180. Is k prime?
True
Let g(n) = 4*n**3 - 6*n**2 + 5*n - 3. Let k be g(2). Suppose 0 = 18*q - k*q - 5133. Is q a prime number?
False
Let j(v) be the third derivative of -v**6/120 - v**5/30 + v**4/24 + v**3/6 + 11*v**2. Let a be j(-2). Is 2 + a + 1*532 a prime number?
False
Let s(q) = -41*q**3 + 7*q**2 + 4*q - 38. Let m be s(-10). Let d = -26909 + m. Is d a prime number?
True
Let w be (-2 + 1)/((-2)/152). Let h be w/16 - (-1)/4. Suppose 0 = -t + 5*b + 2149, -13*t = -8*t + h*b - 10625. Is t composite?
False
Let z(p) = -547*p - 13. Let q(j) = 548*j + 13. Let s(y) = 6*q(y) + 7*z(y). Let m = 9 + -11. Is s(m) composite?
False
Is (-11)/132*240148*-3 prime?
True
Let k(f) = -3*f**3 + 9*f**2 - 6*f + 10. Let o(r) = r + 25. Let a be o(-18). Let g be k(a). Let j = 1321 + g. Is j a composite number?
False
Let u = 621 + -1587. Let o = 1553 + u. Is o a prime number?
True
Let b(y) = -10 + 14 - 27*y + 6*y**3 + 21*y - 9*y**2. Is b(9) prime?
False
Let x = 316 + -303. Is x/(325/(-10)) - 57024/(-10) composite?
True
Is 1/((-12)/(-28)*(-19)/(-327009)) a composite number?
True
Suppose 59*k - 1074501 - 842822 = 0. Is k prime?
True
Let i be 3*(1 - 0)*(-34)/(-34). Let y(o) = 265*o**3 + 2*o**2 - 31*o + 97. Is y(i) a composite number?
False
Suppose -3*c + 21 = 2*b + 13, -2*c = b - 5. Let z(l) = -10*l**2 - 2*l + 1. Let h be z(-2). Is c + 16/(-10) - 45241/h a prime number?
False
Suppose 0*g + o = -2*g + 12, 0 = -2*o. Let m be 1/g - 33/(-18). Suppose 0 = m*i - 4*z - 130, -3*i = 5*z - 221 + 15. Is i prime?
True
Suppose -3*z = 2*z, -z + 1204869 = 3*s - 0*z. Is s a composite number?
True
Let o be (11/2)/(2/4) - 4. Suppose 9*p = o*p. Suppose -z - 3*i = -257, -z + 4*i + 297 - 40 = p. Is z a prime number?
True
Suppose 0 = 5*y + 3*v, -2*y - 4*v + 2*v = 4. Suppose -4*o - 4*q + 24 = 0, q + y = 4*o - 2*q. Is (-16)/(-12) + 8993/o a composite number?
False
Suppose 21*u + 349845 = 1298646. Is u composite?
False
Let s(v) = v**3 + 9*v**2 + 4. Let c be s(-9). Suppose -c = w - 10. Suppose -w*d - 5*h = -2*d - 18469, -12 = 4*h. Is d composite?
False
Let f = -849 + 849. Suppose -7*g - 5*g + 120732 = f. Is g a prime number?
True
Suppose -9184*t = -9190*t + 1702758. Is t a prime number?
True
Is (5516/(-7))/((-120)/690) prime?
False
Is 52271 + 9*((-22)/(-3) - 8) composite?
True
Suppose 2*j = -7*j + 27. Suppose -8*c + 5*c + 1912 = 2*s, -3*c + 2865 = j*s. Is s a prime number?
True
Let g(r) be the first derivative of 238*r**3/3 + 3*r**2/2 + 16*r + 58. Is g(5) composite?
False
Let m be ((-639)/355)/((-3)/10). Suppose 0 = -2*v + m*x - 3*x + 25019, 2*v - 25021 = x. Is v a prime number?
True
Suppose 14*o - 13 - 57 = 0. Suppose -o*y = -r - r - 31090, -r = 0. Is y a composite number?
True
Let u = -2328 - -25111. Suppose 11*a - 1450 = u. Is a a prime number?
True
Let c(u) = -3*u**3 - 3*u**2 - 3*u - 1. Suppose 10*t - 87 = 73. Suppose -10*m - t = -8*m. Is c(m) prime?
True
Suppose -9870 = -6*k + 14442. Let v = 6443 - k. Is v a prime number?
False
Let q be 14919/2*6/9.